g(4).
-15
Suppose 0 = 3*g + 2*g - 30. Suppose -4*w + g = -2. Let z(c) = c**3 + c**2 - 4*c + 3. Calculate z(w).
7
Let o(n) = -n**3 - 3*n**2 + 2*n - 2. Let f = 30 - 34. Calculate o(f).
6
Let x(m) = -m + 5*m**2 + 5*m + m**3 + m. Let o(l) = -13*l + 35. Let s be o(3). Give x(s).
-4
Let d(v) = -198*v**2 - 21 + v + 0*v + 197*v**2. What is d(0)?
-21
Let d(u) = u + 1. Let i(q) = q**3 + 11*q**2 + q + 10. Let t be i(-11). Let h be t*(-1 + 0) + 2. Calculate d(h).
4
Let q(d) = -d - 8. Let y = 14 - 4. Let x(z) = z + 13. Let b be x(-8). Suppose -n - 3*m = -0*m + 6, 0 = 5*n - b*m - y. Give q(n).
-8
Let i(h) = 5*h + 0 - 14*h + h**2 + 5. Determine i(4).
-15
Let z(i) be the second derivative of 5/6*i**3 - i + 0 + 1/3*i**4 - 1/20*i**5 - 7/2*i**2. Suppose 0 = g - 3*g + 10. Give z(g).
-7
Let l = -4 - 0. Let k(m) = -2*m**3 - 6*m**2 + m - 15. Let i(c) = c**3 + 3*c**2 + 8. Let o(g) = 7*i(g) + 4*k(g). Determine o(l).
-4
Let g(w) = -w + 8. Let j be g(6). Let i(p) = -8*p**3 + 0*p**2 + j*p**2 + 7*p**3 - 4*p**2. Give i(-2).
0
Let p(u) be the second derivative of -u**3/6 - u**2/2 - u. What is p(-5)?
4
Suppose -q - 4 = -2*q. Let h(l) = 6*l + 4. Let b(m) = -2*m - 1. Let k(r) = -7*b(r) - 2*h(r). What is k(q)?
7
Let q = -2 + 4. Let y be -1*(0 + q)*-3. Let i be y/(-4)*2/(-3). Let v(g) = 2*g**3 - g**2 + 2*g - 1. Calculate v(i).
2
Let l(c) = 9*c + c**2 + 3 + 0 + 4. Calculate l(-7).
-7
Let n(y) = -y**3 - 5*y**2 - 2*y - 5. Suppose -5*o + 20 = 3*w, 0 = 3*w - 8*o + 4*o + 16. Let q = w + 2. Let v be -7*(-3)/(-3) + q. What is n(v)?
5
Suppose 2*l = 4*x + 8, 0*l - 4 = -2*l. Let k(n) = -n - 3. Let f be k(2). Let b be x + f - (-1)/1. Let y(v) = -v**3 - 5*v**2 + 2*v. Calculate y(b).
-10
Suppose -8*d = -4*d. Let m(j) = d*j**2 - j**2 + 2*j - 3*j**3 + 3*j**3 + j**3 - 1. Suppose -p - 4 + 5 = 0. Calculate m(p).
1
Let p(u) = -u**3 - 5*u**2 - 5*u + 4. Let c = -8 - -4. Calculate p(c).
8
Let g(j) be the third derivative of j**4/12 + j**3/2 - 4*j**2. Let d(x) = x - 4. Let l be d(3). Let i = l + -4. Calculate g(i).
-7
Let v(k) be the third derivative of k**5/60 + k**4/3 - k**3/6 + 32*k**2. Calculate v(-7).
-8
Let q(i) be the first derivative of i**4/4 - i**3/3 - i**2/2 - 8. Calculate q(1).
-1
Let d(y) be the third derivative of y**4/24 + 3*y**3/2 - 14*y**2. Determine d(-4).
5
Let j(b) = -b**2 - 5*b - 2. Let y = -2 - 4. Determine j(y).
-8
Let c(h) be the first derivative of h**2/2 + 4*h + 11. Suppose -5*y = 12 + 3. What is c(y)?
1
Let y(n) = 1 + 2 + n**2 + 0*n**2 - 4*n. Let b be (-3)/(-4 - (-26)/8). What is y(b)?
3
Let r(q) = -q**3 + 4*q**2 + 6*q - 5. Let c be r(5). Let i(h) = -h**3 + h + 2. Let p be i(0). Let b be -1*(p - 3) - c. Let g(m) = -3*m - 1. What is g(b)?
-4
Let x(h) = h**2 - h - 2. Let t be x(0). Let d(q) = q**3 + q**2. Let a(o) = -3*o**3 - 2*o**2 + o + 1. Let v(j) = -a(j) - 4*d(j). Determine v(t).
1
Let b(n) = n**3 - 7*n**2 + 5*n + 3. Suppose -16 = 4*d - 5*k - 55, -3 = -2*d - 3*k. Give b(d).
-3
Let a be ((-4)/(-6))/((-6)/9). Let u = 2 - a. Let k(r) = -r - 1. Give k(u).
-4
Let f = 0 - -1. Let u(p) = -p**2 + 3*p**3 + 3*p**3 - f + 4*p - 6*p. Calculate u(-1).
-6
Let q(d) = d**2 - 3*d + 1. Let f(k) = k**3 + 5*k**2 - 7*k - 5. Let g be f(-6). Calculate q(g).
-1
Let y(i) be the third derivative of -i**5/60 - i**4/24 - i**3/3 + 7*i**2. What is y(-2)?
-4
Let i(z) = 2*z**2 - 3*z + 1. Suppose 24*f = 22*f + 4. Give i(f).
3
Let y(z) be the third derivative of z**5/120 + z**4/12 + 4*z**3/3 + 2*z**2. Let a(k) be the first derivative of y(k). Give a(4).
6
Let m(n) = 3*n - 9. Let z(o) = -o. Let x(v) = -m(v) - 4*z(v). Suppose 4*t + 24 = 5*i, 5*i + 5 = 5*t + 35. What is x(t)?
3
Let h(r) = 20 + r**2 - 6*r - 3 - 8. Give h(6).
9
Let m(l) = -l - 3. Suppose -d + 5*d = -5*y + 17, -4*y + 3*d = -26. Suppose -4*n + 43 = y*p, -5*p = -0*p - 15. Let g = n + -4. Give m(g).
-6
Let t(m) be the first derivative of 2*m**2 + 3*m + 9. Calculate t(-3).
-9
Let u be -5*2*(-6)/(-15). Let x = -3 - u. Let c(r) = -9*r - 6*r + 11*r. Determine c(x).
-4
Let k(f) = f - 3. Suppose -4 - 8 = -4*i, 6 = -3*a + 4*i. Let o(r) = 3*r - 1. Let b be o(a). Let u = b + -2. What is k(u)?
0
Let m = 5 + -1. Let k(s) = -3*s**3 + 15*s**2 - 12*s + 2. Let p(d) = -d**3 + 5*d**2 - 4*d + 1. Let z(t) = 4*k(t) - 11*p(t). Determine z(m).
-3
Let m(h) = -h**2 - 8*h - 7. Let q be (0 - 1)*(-25 + 6). Let u = 13 - q. What is m(u)?
5
Let b = 2 - -2. Let f(v) = -v - 3*v**2 + 5 - v**3 + b*v - 2. Calculate f(-3).
-6
Let z(f) = -f**2 + f + 2. Let q be z(0). Suppose q*j - 12 = -2*x, -3*x - x + 5*j = 12. Let k(h) = -4*h + x - 3 + h**2 + 3*h. What is k(3)?
5
Suppose -y - 12 = -3*y - 5*v, -5*y - 3*v = -11. Let f(d) = -3*d**2 - 1. Give f(y).
-4
Let l(q) be the second derivative of -q**3/3 - q**2 + q. Let x be 3/4 - 15/(-12). Give l(x).
-6
Suppose 0 = -4*x - 2*x - 30. Let a(z) = -z**3 - 4*z**2 + 7*z + 5. Calculate a(x).
-5
Let g(o) = -2*o - 6. Let k be g(-7). Let y(p) = -2*p**2 - 7*p + 3. Let w(l) = -5*l**2 - 20*l + 9. Let c(j) = k*y(j) - 3*w(j). Calculate c(3).
0
Let f(w) = w - 1. Let x be 16/(-6) + (-4)/(-6) - 1. What is f(x)?
-4
Let m(z) = -5*z + 2. Let j(i) = 7*i + 59. Let l be j(-8). Determine m(l).
-13
Let w be 10/(-35) - 1*(-141)/(-21). Let c(j) = j**3 + 6*j**2 - 9*j - 2. What is c(w)?
12
Let j(x) be the first derivative of x**3/3 + 3*x**2 - 3*x - 8. Determine j(-6).
-3
Let g(y) = 5*y - y**2 - 2*y + 12 + 4*y. Give g(9).
-6
Let r(i) = i + 8. Let g be r(6). Let p(v) = 2*v**2 + v**3 - g*v + v**2 + 12*v. Give p(-3).
6
Let u(f) = -7*f**2 - 14*f + 17. Let r(k) = 4*k**2 + 7*k - 9. Let a(d) = -5*r(d) - 3*u(d). Give a(-6).
-12
Suppose -4 = -3*v + 5. Let h(z) be the third derivative of -z**6/120 + z**5/30 + z**4/12 + z**3/6 - 2*z**2. What is h(v)?
-2
Let t(w) = -w + 2*w - 11*w**2 + 10*w**2 + 1. Determine t(-3).
-11
Let u(w) = -13*w + 27*w - w**2 - 17*w. What is u(-3)?
0
Let l = 24 - -7. Let v(m) = l*m + 1 - 31*m - m**2. Let d = -5 - -2. What is v(d)?
-8
Let g(h) be the third derivative of -h**6/120 + h**5/15 - h**4/12 + h**3/6 + 14*h**2. Calculate g(3).
4
Let y(c) = 2*c + 5. Let z be y(-3). Let s(x) = -2*x**3 - x**2 - x - 1. Give s(z).
1
Let m(n) = n**2 + 2*n - 2. Suppose 3*b = 4*l - 25, 0*b + l = 3*b + 13. What is m(b)?
1
Let u = 5 - 10. Let a = 7 + u. Let s(i) = -a*i**3 - 4*i**2 - 2 - 1 + i**3 + 4*i. What is s(-5)?
2
Suppose 16 = -2*n + 4*r + 44, 0 = 5*r + 20. Let d(i) be the first derivative of i**3/3 - 4*i**2 + 8*i + 1. Give d(n).
-4
Let c(m) be the second derivative of -1/6*m**3 + 0 - 2*m + 0*m**2. Give c(-5).
5
Let y(u) = u**3 - 4*u**2 + 3*u - 1. Suppose i = -0*i + 2. Suppose -z + 3*x = x - 12, 4 = 3*z + i*x. Give y(z).
11
Let w(g) be the third derivative of g**5/60 - 4*g**3/3 + g**2 - 7. What is w(0)?
-8
Let u(r) = r**3 - 3*r**2 - 4*r + 2. Suppose h + 0 = 8. Let f(o) = 5*o**3 + 2*o**2 + o. Let w be f(-1). Let k = h + w. Calculate u(k).
2
Let r(j) = 3*j - 3. Let y be r(5). Let g be (2 - 1)/(3/y). Let v(p) = 4*p**2 - 6*p - 4*p**2 + 3 + p**2. Determine v(g).
-5
Let n = 10 + -7. Let t(g) = -n*g + g + 5*g - 2. Let c = 4 + -2. Determine t(c).
4
Suppose -5 - 3 = -4*p. Let c be (16/(-24))/((-2)/3). Let n(q) = p - 3*q - 4 - 5*q + c. Give n(-1).
7
Let h(w) = -5*w**3 + w**2 + 6*w + 10. Let c(b) = 4*b**3 - b**2 - 5*b - 11. Let n(a) = -6*c(a) - 5*h(a). Calculate n(0).
16
Let s(m) be the second derivative of -m**5/60 + 2*m**3/3 - 3*m. Let v(d) be the second derivative of s(d). What is v(-3)?
6
Let f(h) = -h**2 - 10*h - 9. Let z = -118 + 110. Give f(z).
7
Let x(o) be the first derivative of o**6/120 - o**5/12 + o**4/8 + o**3/6 + 2*o**2 + 2. Let c(j) be the second derivative of x(j). Calculate c(4).
-3
Let s be (-3)/(6*2/(-40)). Let h(c) = 0 + 1 + s*c - 12*c. What is h(4)?
-7
Let j(t) = 3*t + 5 - 6 - t. Let r be (9/(-6))/(1/6). Let z = r + 13. What is j(z)?
7
Suppose 3*n + 3*u = 12, 2 - 5 = -u. Let h = n - -2. Let c(a) = 4*a - 4. Determine c(h).
8
Let x = -4/11 + 41/22. Let h(q) be the second derivative of 0 + x*q**2 + 2*q - 1/6*q**3. Give h(4).
-1
Suppose 2*l - 7 = 5. Suppose l = 5*a + 46. Let d = -5 - a. Let s(m) = m**2 - 3*m - 2. Determine s(d).
-2
Let y(t) be the first derivative of t**2/2 - 12*t - 18. Give y(11).
-1
Let h(d) = 9*d - 3. Suppose 2*y = 5*y - 21. Let p(z) = -4*z + 2. Let l(f) = y*p(f) + 3*h(f). Calculate l(3).
2
Let i(c) = 6 + c + c + 3*c - 4*c. Calculate i(-3).
3
Let d(u